t u = -13 + 10. Let n(q) be the third derivative of q**5/60 + q**4/24 + q**3/6 - 28*q**2 + 1. What is n(u)?
7
Let l(j) = 2*j**2 - 16*j - 1. Let f be ((-2)/35)/(2/20)*-14. Calculate l(f).
-1
Suppose -41 + 101 = -2*m. Let o(v) = -4*v - 127. What is o(m)?
-7
Let k(r) be the second derivative of r**3/6 - 5*r**2 - 88*r - 3. Give k(10).
0
Let c(j) = 2*j**3 + 18*j**2 - 22*j - 14. Suppose -3*k = -2*y + 22, -5*y + 95 - 65 = -5*k. Give c(k).
6
Let d(b) = -b - 5. Let t = 11 - 28. Let u(k) = -k**3 - 16*k**2 + 17*k - 6. Let h be u(t). What is d(h)?
1
Let v be -5*(-1)/((-4)/12). Let o be (6/10)/(3/v). Let k(j) = j**3 + j**2. Let n(u) = 2*u**3 + 4*u**2 - u + 2. Let s(i) = k(i) - n(i). Give s(o).
-5
Let n(h) = -67 - 8*h + 19 + 24 + 21. What is n(-5)?
37
Let o(i) = i + 3. Let y(q) = -4*q - 13. Let a(s) = 9*o(s) + 2*y(s). Let p(b) = -b**2 - 8*b - 7. Let r(x) = -5*a(x) - p(x). Calculate r(-5).
12
Let g(u) = 2*u + 4 + 1 + u + 10*u - 8*u. Determine g(-5).
-20
Let h(b) = -3*b**2 - 4*b - 1 - 2*b**3 + 0*b**3 + 3*b + b + 3*b. What is h(1)?
-3
Suppose 0 = 2*b, l - 4*b - 4 = -13. Let f(n) = -n - 2. Determine f(l).
7
Let b be 0 - (-1 + (3 - 4)). Suppose -u - 19 = 3*q, 2*q + 12 + b = -2*u. Let i(s) = s**2 + 7*s + 5. Let p be i(q). Let y(h) = -3*h**2 + 2*h + 1. Give y(p).
-4
Let k = -20 + 22. Suppose -b - k*b = 9. Let z(h) = -h**3 - 3*h**2 + 3*h + 3. Calculate z(b).
-6
Let k be (-1316)/564 - (-44)/6. Let l(n) = -n**2 + 2*n + 3. Determine l(k).
-12
Suppose 3*t + 152 = 7*t. Let d(m) = -3*m - m**3 + 6*m**2 + 0*m**3 + 36 + 4*m - t. What is d(6)?
4
Let d(b) be the first derivative of 2*b**3/3 - b - 4. Suppose -9*c - 4 = -6*c + y, -3*c - 4*y = 7. Let h be d(c). Let t(u) = -9*u. What is t(h)?
-9
Let l(n) be the second derivative of -n**5/20 + n**4/12 + n**3/6 + 9*n. Let i be -7 - -2 - 3/(-3). Let m be 2 + -1 - (-12)/i. What is l(m)?
10
Let l be (-5)/(-10) + (-5)/(-2). Suppose 2*i - 3*i - 19 = -3*f, 35 = l*f - 5*i. Let u(o) = -2 + 4*o - 5 - o. Give u(f).
8
Let n(s) be the first derivative of s**3/3 - 2*s**2 + 3*s - 103. Suppose 5*j - 26 = 3*j + 4*k, -3*j = -4*k - 29. Let p be (-2)/3 + 17/j. Calculate n(p).
8
Suppose 3 = a - 4. Suppose -4*x - 5*d + 37 = 0, -5*d = -4*x - 4*d + a. Let q(k) = -2*k + 2. Give q(x).
-4
Let m = -53 - -51. Let y(n) = -15*n - 26. Let k(c) = 5*c + 9. Let w be 3 - 3 - (-1 + 7). Let r(g) = w*y(g) - 17*k(g). Calculate r(m).
-7
Let d(j) = -j - 3. Let b be 4/(-18) + 460/45. Give d(b).
-13
Let y(a) = 3*a**2 + 252*a - 79*a - 85*a - 2 - 86*a. Suppose -4*k - 1 = 7. Give y(k).
6
Let d be 24/(-28)*(-42)/9. Suppose -5*t = 3*n + 26 - 132, 2*t - 32 = d*n. Suppose 10 = -5*g + t. Let b(a) = 6*a - 2. What is b(g)?
10
Let s(x) = x**2 + 9*x + 8. Let a be s(-8). Suppose -1 + a = k. Let r(y) = -2*y - y**2 + 2*y**2 + 1 + y**2 - 2. Determine r(k).
3
Let m(a) = a + 2. Let o(n) = 3*n**3 + n - 1. Let p be o(1). Suppose -p*y + 0*y = 0. Suppose -3*x + 5*k - 2*k - 18 = y, -5*k + 26 = -3*x. What is m(x)?
0
Let r(d) = -6 - 8 - d**2 + 8*d + 5. Let n(i) = -i**2 - i + 8. Let c be n(0). Let o = 14 - c. What is r(o)?
3
Suppose 0 = 4*i - 0 - 8. Suppose 0 = -5*k + c + 20, 5*c + 20 = 4*k + k. Let m(d) = -4 + 3 + 0 + k*d. What is m(i)?
7
Let c(h) = -5*h - 4 + h + 5 + 5*h. Let b(q) = 4*q + 5. Let w(m) = b(m) - 3*c(m). Calculate w(6).
8
Let r(f) = f - 2. Let o = 7 + -4. Suppose -4*b - 69 = o*c, -66 = 2*c + 3*b - 19. Let h = 14 + c. What is r(h)?
-7
Let s(q) = -2*q**2 - 16*q - 16*q**2 + 13148 - 2*q**3 - 13150. What is s(-8)?
-2
Let j(z) be the first derivative of 0*z - 1/120*z**5 + 0*z**2 - 5/24*z**4 + 4/3*z**3 - 5. Let w(r) be the third derivative of j(r). Give w(-4).
-1
Suppose -137 = 3*v - 2*v + 5*x, 250 = -2*v - 4*x. Let l be 2/(-11) - v/99. Let k(w) = 9*w. Give k(l).
9
Let w(q) = -24*q + 143. Let s be w(6). Let r(v) be the third derivative of -3*v**6/40 + v**4/24 - 2*v**2. Give r(s).
8
Let j(p) be the third derivative of -p**5/60 + p**4/4 - p**3/2 + 3*p**2. Let l be ((-2)/(-3))/(1/9). Calculate j(l).
-3
Let m be (-4)/(-5) - (-21)/5. Suppose 0 = h + m - 9. Suppose 2*v - 3*v = h. Let l(a) = -a**3 - 3*a**2 + 5*a + 3. Calculate l(v).
-1
Let q be -2 - 1 - (-10 + 5). Suppose 13 = -5*r + 2*a, -q*r - 6 = -0*r - a. Let i(j) = -4*j**3 + j**2 + 2*j + 1. Calculate i(r).
4
Let u(b) = -34*b**2 + b. Let n be 372/(-93)*-2*(-1)/(-8). Determine u(n).
-33
Let j(y) = 2*y + 30. Let r(w) = -5*w - 63. Let n(p) = -7*j(p) - 4*r(p). Determine n(-9).
-12
Let y(j) = 27*j - 5. Let o(u) = 10*u - 1. Let v(p) = -6*o(p) + 2*y(p). Determine v(-2).
8
Let p(w) = -w**2 - 14*w + 30. Let i be p(-16). Let o(x) = 5*x**2 + 4*x + 2. Determine o(i).
14
Let y(a) be the second derivative of a**3/2 - 3*a**2/2 + 2*a - 25. Let g = 1 + 2. Determine y(g).
6
Let y(z) = -3*z - 5. Let w(j) = 19*j + 33. Let s(h) = -4*w(h) - 25*y(h). Let g(d) = 2*d + 2. Let p be g(-4). Calculate s(p).
-1
Let f(v) = -2*v**2 - v - 12. Let l be f(-5). Let a = -50 - l. Let c(r) = -r + 7. Calculate c(a).
0
Let t = -1767 - -1768. Let x(a) = 4*a. Calculate x(t).
4
Let z(y) = 22*y - 160. Let w(s) = -7*s + 54. Let m(b) = 16*w(b) + 5*z(b). What is m(28)?
8
Let h(l) = 310*l**3 + 129*l**2 - 129*l**2 - 304*l**3 + 2*l + 1. Let n = -3 - -2. Calculate h(n).
-7
Let n(q) = q**2 - 3*q - 2. Let o = -416 + 420. Give n(o).
2
Let a(u) = -u**3 - 5*u**2 - 4*u - 2. Let k = 300 - 302. Determine a(k).
-6
Let s(r) = r**3 - 6*r**2 + 6*r + 2. Let w be s(5). Let n(c) = -10*c + 43. Let a(d) = 3*d - 14. Let z(i) = w*a(i) + 2*n(i). Calculate z(6).
-6
Let k(y) = 2*y - 2. Let s(i) = 3*i - 6. Let o(b) = 5*k(b) - 3*s(b). Determine o(-14).
-6
Let d = -1/517 - -519/1034. Let z(f) be the second derivative of -6*f + 0 + d*f**2 - 1/3*f**3 - 1/4*f**4. Give z(1).
-4
Let d = -720 - -734. Let n(c) = -c**2 + 14*c - 16. Calculate n(d).
-16
Let r(p) = -4*p**2 - 8*p + 1. Let l(v) = -v**2 + 11*v + 6. Let m be l(12). Let c(g) = -g**2 + g. Let h(f) = m*c(f) - r(f). What is h(1)?
11
Let d(v) = -4*v + 6. Let a be d(1). Let p(o) = -2*o**2 + 3. What is p(a)?
-5
Let n be 6/4 + (-12)/8. Suppose 7*c - 12*c + 15 = 0. Let y(k) = -140*k**2 - 5 - k - k**c + 140*k**2. Calculate y(n).
-5
Let u(d) = -8*d**3 + 2*d**2 - 3. Let g(o) = -7*o**3 + 2*o**2 - 2. Let a(n) = -7*g(n) + 6*u(n). Give a(3).
5
Suppose 16 = -2*c - 2*c. Suppose 27 = -2*a + 5*l, -a - 4*l + 21 = 2. Let t = a - c. Let v(f) = -f**2 + 4*f + 1. Give v(t).
4
Let q(c) = 5*c**2 + 11*c - 6. Let m(i) = 9*i**2 + 21*i - 11. Let r(w) = -6*m(w) + 11*q(w). Calculate r(5).
0
Suppose 1 = -y + 3*g - 6, -3*g = -9. Let a(h) = 2*h**3 + 3*h**2 - 2*h - 2. Calculate a(y).
22
Let y(t) be the third derivative of -t**6/120 + t**5/15 - 41*t**2 + 1. Determine y(4).
0
Suppose 3*x + 15 = 6. Let b be 3/(-2)*(-2)/x. Let p(u) = -u**3 + 31*u + u**2 + 0*u**3 - 30*u. Give p(b).
1
Let r(p) = -p**2 - p - 4. Let f(h) = -h**3 + 6*h**2 + 3*h - 13. Let j be f(6). Determine r(j).
-34
Let j be (((-4410)/28)/(-35))/(3/4). Let l(x) = -x**3 + 5*x**2 + 5*x + 12. Give l(j).
6
Let i(d) = 2 - d - 2 - 4. What is i(-10)?
6
Let q(c) = c**2 - 2*c - 9. Let n = 58 - 53. Let u be q(n). Let z(h) = -h**3 + 6*h**2 + 2*h - 2. Determine z(u).
10
Let f = -6 + 8. Let j(d) = -2*d**f - d**2 + 1110*d - 1107*d - 2. Determine j(2).
-8
Let r = 53 - 50. Suppose 26 = r*v - 2*t, -4 = -3*v - 3*t + 2. Let f(w) = -w - 12 - w + 2*w + w. Determine f(v).
-6
Let h(a) = -2 - 2 + 2 - 2*a + 6. Let t be h(4). Let d = t + 10. Let x(m) = -m**2 + 7*m - 4. Calculate x(d).
2
Let c(v) = 134*v**2 - 2 + 4*v + 139*v**2 - v - 405*v**2 + 134*v**2. What is c(-5)?
33
Let k(b) = 9*b + 4. Suppose -5*i = 5*x - i - 150, 2*i - 150 = -5*x. Suppose -15 = 35*u - x*u. Give k(u).
-23
Let p(i) be the second derivative of -i**4/12 - i**2/2 + i - 182. Calculate p(3).
-10
Let u(t) = -2*t**2 + 5*t - 3. Suppose m + 6 - 42 = 0. Suppose -9*c + m = -15*c. Let s be (-184)/(-44) - c/(-33). Determine u(s).
-15
Suppose -4*o + 16 = -0. Let c(l) be the first derivative of -l**4/4 + 5*l**3/3 - l**2 + 2*l + 90. Give c(o).
10
Let r(g) = 3*g + 1. Let w(y) = -y - 6. Let j be w(-8). Suppose 0 = j*u + 5 - 9. Suppose 0 = -k - 7 + u. Calculate r(k).
-14
Suppose 0 = m - 4. Suppose -s - 20 = 5*v - 2*s, 0 = -m*v - 4*s - 40. Let k(y) = -y**3 - 4*y**2 + 4*y - 1. Give k(v).
4
Let z be (-9)/(-5) + (-1)/(-5). Let k(u) = -3*u**3 + 0*u**2 - u**3 + 3*u + 3*u**3 + 4*u**z - 6. Give k(4).
6
Let i(o) = 21*o + 